{"id":13,"date":"2024-03-01T10:37:50","date_gmt":"2024-03-01T10:37:50","guid":{"rendered":"https:\/\/jkztransportes.rkinformatika.online\/?page_id=13"},"modified":"2024-03-12T08:13:01","modified_gmt":"2024-03-12T08:13:01","slug":"servicios","status":"publish","type":"page","link":"https:\/\/jkztransportes.com\/eus\/servicios\/","title":{"rendered":"Zerbitzuak"},"content":{"rendered":"<div data-elementor-type=\"wp-page\" data-elementor-id=\"13\" class=\"elementor elementor-13\" data-elementor-post-type=\"page\">\n\t\t\t\t\t\t<section class=\"elementor-section elementor-top-section elementor-element elementor-element-c2b6f51 elementor-section-boxed elementor-section-height-default elementor-section-height-default\" data-id=\"c2b6f51\" data-element_type=\"section\" data-e-type=\"section\" data-settings=\"{&quot;background_background&quot;:&quot;classic&quot;}\">\n\t\t\t\t\t\t\t<div class=\"elementor-background-overlay\"><\/div>\n\t\t\t\t\t\t\t<div class=\"elementor-container elementor-column-gap-default\">\n\t\t\t\t\t<div class=\"elementor-column elementor-col-100 elementor-top-column elementor-element elementor-element-784f980\" data-id=\"784f980\" data-element_type=\"column\" data-e-type=\"column\">\n\t\t\t<div class=\"elementor-widget-wrap elementor-element-populated\">\n\t\t\t\t\t\t<div class=\"elementor-element elementor-element-8151ac7 elementor-widget-mobile__width-initial elementor-invisible elementor-widget elementor-widget-heading\" data-id=\"8151ac7\" data-element_type=\"widget\" data-e-type=\"widget\" data-settings=\"{&quot;_animation&quot;:&quot;fadeInUp&quot;,&quot;_animation_delay&quot;:150}\" data-widget_type=\"heading.default\">\n\t\t\t\t<div class=\"elementor-widget-container\">\n\t\t\t\t\t<h2 class=\"elementor-heading-title elementor-size-default\">Zerbitzuak<\/h2>\t\t\t\t<\/div>\n\t\t\t\t<\/div>\n\t\t\t\t\t<\/div>\n\t\t<\/div>\n\t\t\t\t\t<\/div>\n\t\t<\/section>\n\t\t<div class=\"elementor-element elementor-element-a34a96e e-flex e-con-boxed e-con e-parent\" data-id=\"a34a96e\" data-element_type=\"container\" data-e-type=\"container\">\n\t\t\t\t\t<div class=\"e-con-inner\">\n\t\t<div class=\"elementor-element elementor-element-daa6451 e-con-full e-flex elementor-invisible e-con e-child\" data-id=\"daa6451\" data-element_type=\"container\" data-e-type=\"container\" data-settings=\"{&quot;background_background&quot;:&quot;classic&quot;,&quot;animation&quot;:&quot;slideInLeft&quot;}\">\n\t\t\t\t<div class=\"elementor-element elementor-element-ede62d2 elementor-widget elementor-widget-spacer\" data-id=\"ede62d2\" data-element_type=\"widget\" data-e-type=\"widget\" data-widget_type=\"spacer.default\">\n\t\t\t\t<div class=\"elementor-widget-container\">\n\t\t\t\t\t\t\t<div class=\"elementor-spacer\">\n\t\t\t<div class=\"elementor-spacer-inner\"><\/div>\n\t\t<\/div>\n\t\t\t\t\t\t<\/div>\n\t\t\t\t<\/div>\n\t\t\t\t<\/div>\n\t\t<div class=\"elementor-element elementor-element-16f67e4 e-con-full e-flex e-con e-child\" data-id=\"16f67e4\" data-element_type=\"container\" data-e-type=\"container\" data-settings=\"{&quot;background_background&quot;:&quot;classic&quot;}\">\n\t\t\t\t<div class=\"elementor-element elementor-element-4e30d76 elementor-invisible elementor-widget elementor-widget-heading\" data-id=\"4e30d76\" data-element_type=\"widget\" data-e-type=\"widget\" data-settings=\"{&quot;_animation&quot;:&quot;fadeInUp&quot;,&quot;_animation_delay&quot;:300}\" data-widget_type=\"heading.default\">\n\t\t\t\t<div class=\"elementor-widget-container\">\n\t\t\t\t\t<h3 class=\"elementor-heading-title elementor-size-default\">Transporte para Empresas a tiempo completo.<\/h3>\t\t\t\t<\/div>\n\t\t\t\t<\/div>\n\t\t\t\t<div class=\"elementor-element elementor-element-8f1f3da elementor-widget elementor-widget-text-editor\" data-id=\"8f1f3da\" data-element_type=\"widget\" data-e-type=\"widget\" data-widget_type=\"text-editor.default\">\n\t\t\t\t<div class=\"elementor-widget-container\">\n\t\t\t\t\t\t\t\t\t<p>En Transportes Jon Kepa Zabala entendemos la importancia fundamental de una log\u00edstica eficiente para el \u00e9xito de su negocio. Ofrecemos una amplia gama de servicios de transporte adaptados a sus necesidades en cada etapa del proceso. Nuestro servicio incluye transporte de carga local y servicio al cliente dedicado. Conf\u00ede en nosotros para ser su socio de confianza en el transporte de carga, brindando soluciones personalizadas y un servicio excepcional para cumplir con todos sus requisitos. Tenga confianza en nosotros para llevar su negocio al siguiente nivel.<\/p>\t\t\t\t\t\t\t\t<\/div>\n\t\t\t\t<\/div>\n\t\t\t\t<\/div>\n\t\t\t\t\t<\/div>\n\t\t\t\t<\/div>\n\t\t<div class=\"elementor-element elementor-element-1e830c6 e-flex e-con-boxed e-con e-parent\" data-id=\"1e830c6\" data-element_type=\"container\" data-e-type=\"container\">\n\t\t\t\t\t<div class=\"e-con-inner\">\n\t\t<div class=\"elementor-element elementor-element-5cbfdfc e-con-full e-flex e-con e-child\" data-id=\"5cbfdfc\" data-element_type=\"container\" data-e-type=\"container\" data-settings=\"{&quot;background_background&quot;:&quot;classic&quot;}\">\n\t\t\t\t<div class=\"elementor-element elementor-element-6ee6485 elementor-invisible elementor-widget elementor-widget-heading\" data-id=\"6ee6485\" data-element_type=\"widget\" data-e-type=\"widget\" data-settings=\"{&quot;_animation&quot;:&quot;fadeInUp&quot;,&quot;_animation_delay&quot;:300}\" data-widget_type=\"heading.default\">\n\t\t\t\t<div class=\"elementor-widget-container\">\n\t\t\t\t\t<h3 class=\"elementor-heading-title elementor-size-default\">Trabajos puntuales de Transporte para empresas.<\/h3>\t\t\t\t<\/div>\n\t\t\t\t<\/div>\n\t\t\t\t<div class=\"elementor-element elementor-element-de942bd elementor-widget elementor-widget-text-editor\" data-id=\"de942bd\" data-element_type=\"widget\" data-e-type=\"widget\" data-widget_type=\"text-editor.default\">\n\t\t\t\t<div class=\"elementor-widget-container\">\n\t\t\t\t\t\t\t\t\t<p>En Transportes Jon Kepa Zabala, ofrecemos servicios de transporte dise\u00f1ados para cumplir con los plazos m\u00e1s exigentes de nuestros clientes corporativos. Nuestros servicios incluyen entregas urgentes, transporte de mercanc\u00edas delicadas y muchas mas soluciones. Conf\u00ede en nosotros para gestionar sus trabajos puntuales de transporte de manera eficiente y confiable.<\/p>\t\t\t\t\t\t\t\t<\/div>\n\t\t\t\t<\/div>\n\t\t\t\t<\/div>\n\t\t<div class=\"elementor-element elementor-element-da7842d e-con-full e-flex elementor-invisible e-con e-child\" data-id=\"da7842d\" data-element_type=\"container\" data-e-type=\"container\" data-settings=\"{&quot;background_background&quot;:&quot;classic&quot;,&quot;animation&quot;:&quot;slideInLeft&quot;}\">\n\t\t\t\t<div class=\"elementor-element elementor-element-3f286c7 elementor-widget elementor-widget-spacer\" data-id=\"3f286c7\" data-element_type=\"widget\" data-e-type=\"widget\" data-widget_type=\"spacer.default\">\n\t\t\t\t<div class=\"elementor-widget-container\">\n\t\t\t\t\t\t\t<div class=\"elementor-spacer\">\n\t\t\t<div class=\"elementor-spacer-inner\"><\/div>\n\t\t<\/div>\n\t\t\t\t\t\t<\/div>\n\t\t\t\t<\/div>\n\t\t\t\t<\/div>\n\t\t\t\t\t<\/div>\n\t\t\t\t<\/div>\n\t\t\t\t<\/div>","protected":false},"excerpt":{"rendered":"<p>Servicios Transporte para Empresas a tiempo completo. En Transportes Jon Kepa Zabala entendemos la importancia fundamental de una log\u00edstica eficiente para el \u00e9xito de su negocio. Ofrecemos una amplia gama de servicios de transporte adaptados a sus necesidades en cada etapa del proceso. Nuestro servicio incluye transporte de carga local y servicio al cliente dedicado. [&hellip;]<\/p>\n","protected":false},"author":1,"featured_media":0,"parent":0,"menu_order":0,"comment_status":"closed","ping_status":"closed","template":"elementor_canvas","meta":{"footnotes":""},"class_list":["post-13","page","type-page","status-publish","hentry"],"yoast_head":"<!-- This site is optimized with the Yoast SEO plugin v27.3 - https:\/\/yoast.com\/product\/yoast-seo-wordpress\/ -->\n<title>Servicios - Transportes Jon Kepa Zabala<\/title>\n<meta name=\"robots\" content=\"index, follow, max-snippet:-1, max-image-preview:large, max-video-preview:-1\" \/>\n<link rel=\"canonical\" href=\"https:\/\/jkztransportes.com\/eus\/servicios\/\" \/>\n<meta property=\"og:locale\" content=\"en_US\" \/>\n<meta property=\"og:type\" content=\"article\" \/>\n<meta property=\"og:title\" content=\"Servicios - Transportes Jon Kepa Zabala\" \/>\n<meta property=\"og:description\" content=\"Servicios Transporte para Empresas a tiempo completo. En Transportes Jon Kepa Zabala entendemos la importancia fundamental de una log\u00edstica eficiente para el \u00e9xito de su negocio. Ofrecemos una amplia gama de servicios de transporte adaptados a sus necesidades en cada etapa del proceso. Nuestro servicio incluye transporte de carga local y servicio al cliente dedicado. [&hellip;]\" \/>\n<meta property=\"og:url\" content=\"https:\/\/jkztransportes.com\/eus\/servicios\/\" \/>\n<meta property=\"og:site_name\" content=\"Transportes Jon Kepa Zabala\" \/>\n<meta property=\"article:modified_time\" content=\"2024-03-12T08:13:01+00:00\" \/>\n<meta name=\"twitter:card\" content=\"summary_large_image\" \/>\n<meta name=\"twitter:label1\" content=\"Est. reading time\" \/>\n\t<meta name=\"twitter:data1\" content=\"1 minutua\" \/>\n<script type=\"application\/ld+json\" class=\"yoast-schema-graph\">{\"@context\":\"https:\\\/\\\/schema.org\",\"@graph\":[{\"@type\":\"WebPage\",\"@id\":\"https:\\\/\\\/jkztransportes.com\\\/servicios\\\/\",\"url\":\"https:\\\/\\\/jkztransportes.com\\\/servicios\\\/\",\"name\":\"Servicios - Transportes Jon Kepa Zabala\",\"isPartOf\":{\"@id\":\"https:\\\/\\\/jkztransportes.com\\\/#website\"},\"datePublished\":\"2024-03-01T10:37:50+00:00\",\"dateModified\":\"2024-03-12T08:13:01+00:00\",\"breadcrumb\":{\"@id\":\"https:\\\/\\\/jkztransportes.com\\\/servicios\\\/#breadcrumb\"},\"inLanguage\":\"eu\",\"potentialAction\":[{\"@type\":\"ReadAction\",\"target\":[\"https:\\\/\\\/jkztransportes.com\\\/servicios\\\/\"]}]},{\"@type\":\"BreadcrumbList\",\"@id\":\"https:\\\/\\\/jkztransportes.com\\\/servicios\\\/#breadcrumb\",\"itemListElement\":[{\"@type\":\"ListItem\",\"position\":1,\"name\":\"Portada\",\"item\":\"https:\\\/\\\/jkztransportes.com\\\/\"},{\"@type\":\"ListItem\",\"position\":2,\"name\":\"Servicios\"}]},{\"@type\":\"WebSite\",\"@id\":\"https:\\\/\\\/jkztransportes.com\\\/#website\",\"url\":\"https:\\\/\\\/jkztransportes.com\\\/\",\"name\":\"Transportes Jon Kepa Zabala\",\"description\":\"\",\"publisher\":{\"@id\":\"https:\\\/\\\/jkztransportes.com\\\/#organization\"},\"potentialAction\":[{\"@type\":\"SearchAction\",\"target\":{\"@type\":\"EntryPoint\",\"urlTemplate\":\"https:\\\/\\\/jkztransportes.com\\\/?s={search_term_string}\"},\"query-input\":{\"@type\":\"PropertyValueSpecification\",\"valueRequired\":true,\"valueName\":\"search_term_string\"}}],\"inLanguage\":\"eu\"},{\"@type\":\"Organization\",\"@id\":\"https:\\\/\\\/jkztransportes.com\\\/#organization\",\"name\":\"Transportes Jon Kepa Zabala\",\"url\":\"https:\\\/\\\/jkztransportes.com\\\/\",\"logo\":{\"@type\":\"ImageObject\",\"inLanguage\":\"eu\",\"@id\":\"https:\\\/\\\/jkztransportes.com\\\/#\\\/schema\\\/logo\\\/image\\\/\",\"url\":\"https:\\\/\\\/jkztransportes.com\\\/wp-content\\\/uploads\\\/2024\\\/03\\\/cropped-Screenshot_20200719-110415_Chrome-Jon-Kepa-Zabala.jpg\",\"contentUrl\":\"https:\\\/\\\/jkztransportes.com\\\/wp-content\\\/uploads\\\/2024\\\/03\\\/cropped-Screenshot_20200719-110415_Chrome-Jon-Kepa-Zabala.jpg\",\"width\":1069,\"height\":311,\"caption\":\"Transportes Jon Kepa Zabala\"},\"image\":{\"@id\":\"https:\\\/\\\/jkztransportes.com\\\/#\\\/schema\\\/logo\\\/image\\\/\"}}]}<\/script>\n<!-- \/ Yoast SEO plugin. -->","yoast_head_json":{"title":"Servicios - Transportes Jon Kepa Zabala","robots":{"index":"index","follow":"follow","max-snippet":"max-snippet:-1","max-image-preview":"max-image-preview:large","max-video-preview":"max-video-preview:-1"},"canonical":"https:\/\/jkztransportes.com\/eus\/servicios\/","og_locale":"en_US","og_type":"article","og_title":"Servicios - Transportes Jon Kepa Zabala","og_description":"Servicios Transporte para Empresas a tiempo completo. En Transportes Jon Kepa Zabala entendemos la importancia fundamental de una log\u00edstica eficiente para el \u00e9xito de su negocio. Ofrecemos una amplia gama de servicios de transporte adaptados a sus necesidades en cada etapa del proceso. Nuestro servicio incluye transporte de carga local y servicio al cliente dedicado. [&hellip;]","og_url":"https:\/\/jkztransportes.com\/eus\/servicios\/","og_site_name":"Transportes Jon Kepa Zabala","article_modified_time":"2024-03-12T08:13:01+00:00","twitter_card":"summary_large_image","twitter_misc":{"Est. reading time":"1 minutua"},"schema":{"@context":"https:\/\/schema.org","@graph":[{"@type":"WebPage","@id":"https:\/\/jkztransportes.com\/servicios\/","url":"https:\/\/jkztransportes.com\/servicios\/","name":"Servicios - Transportes Jon Kepa Zabala","isPartOf":{"@id":"https:\/\/jkztransportes.com\/#website"},"datePublished":"2024-03-01T10:37:50+00:00","dateModified":"2024-03-12T08:13:01+00:00","breadcrumb":{"@id":"https:\/\/jkztransportes.com\/servicios\/#breadcrumb"},"inLanguage":"eu","potentialAction":[{"@type":"ReadAction","target":["https:\/\/jkztransportes.com\/servicios\/"]}]},{"@type":"BreadcrumbList","@id":"https:\/\/jkztransportes.com\/servicios\/#breadcrumb","itemListElement":[{"@type":"ListItem","position":1,"name":"Portada","item":"https:\/\/jkztransportes.com\/"},{"@type":"ListItem","position":2,"name":"Servicios"}]},{"@type":"WebSite","@id":"https:\/\/jkztransportes.com\/#website","url":"https:\/\/jkztransportes.com\/","name":"Transportes Jon Kepa Zabala","description":"","publisher":{"@id":"https:\/\/jkztransportes.com\/#organization"},"potentialAction":[{"@type":"SearchAction","target":{"@type":"EntryPoint","urlTemplate":"https:\/\/jkztransportes.com\/?s={search_term_string}"},"query-input":{"@type":"PropertyValueSpecification","valueRequired":true,"valueName":"search_term_string"}}],"inLanguage":"eu"},{"@type":"Organization","@id":"https:\/\/jkztransportes.com\/#organization","name":"Transportes Jon Kepa Zabala","url":"https:\/\/jkztransportes.com\/","logo":{"@type":"ImageObject","inLanguage":"eu","@id":"https:\/\/jkztransportes.com\/#\/schema\/logo\/image\/","url":"https:\/\/jkztransportes.com\/wp-content\/uploads\/2024\/03\/cropped-Screenshot_20200719-110415_Chrome-Jon-Kepa-Zabala.jpg","contentUrl":"https:\/\/jkztransportes.com\/wp-content\/uploads\/2024\/03\/cropped-Screenshot_20200719-110415_Chrome-Jon-Kepa-Zabala.jpg","width":1069,"height":311,"caption":"Transportes Jon Kepa Zabala"},"image":{"@id":"https:\/\/jkztransportes.com\/#\/schema\/logo\/image\/"}}]}},"_links":{"self":[{"href":"https:\/\/jkztransportes.com\/eus\/wp-json\/wp\/v2\/pages\/13","targetHints":{"allow":["GET"]}}],"collection":[{"href":"https:\/\/jkztransportes.com\/eus\/wp-json\/wp\/v2\/pages"}],"about":[{"href":"https:\/\/jkztransportes.com\/eus\/wp-json\/wp\/v2\/types\/page"}],"author":[{"embeddable":true,"href":"https:\/\/jkztransportes.com\/eus\/wp-json\/wp\/v2\/users\/1"}],"replies":[{"embeddable":true,"href":"https:\/\/jkztransportes.com\/eus\/wp-json\/wp\/v2\/comments?post=13"}],"version-history":[{"count":13,"href":"https:\/\/jkztransportes.com\/eus\/wp-json\/wp\/v2\/pages\/13\/revisions"}],"predecessor-version":[{"id":134,"href":"https:\/\/jkztransportes.com\/eus\/wp-json\/wp\/v2\/pages\/13\/revisions\/134"}],"wp:attachment":[{"href":"https:\/\/jkztransportes.com\/eus\/wp-json\/wp\/v2\/media?parent=13"}],"curies":[{"name":"wp","href":"https:\/\/api.w.org\/{rel}","templated":true}]}}